 = -7*h - 0*h - 69*h + 660212. What are the prime factors of h?
7, 17, 73
Let k be ((-4)/(-8))/((-2)/(-44)). Suppose -9*l - 194 = -k*l. Suppose l = x - 102. List the prime factors of x.
199
Suppose -2*c + 94*f - 92*f + 111276 = 0, -4*c = 3*f - 222496. What are the prime factors of c?
2, 5, 5563
Let i(g) = 1436*g**3 - 57*g**2 + 112*g - 3. What are the prime factors of i(2)?
3, 43, 89
Let z(c) = c**2 - 17*c + 4. Let y be z(17). Let s(v) = -19 - y*v**3 - 4*v + 11*v**3 - 8*v**3 - 6*v + 14*v**2. List the prime factors of s(13).
2, 5
Let a(o) = o**3 + 10*o**2 - 44*o + 291. What are the prime factors of a(15)?
2, 3, 73
Let f(z) = z**3 - 9*z**2 - 10*z + 2. Let v be f(10). Suppose 4*d - 728 = -3*u + 3171, v*u - 2622 = 3*d. List the prime factors of u.
3, 5, 29
Suppose -4*a + 1 = -j - 2*j, 4 = 4*a - 4*j. Let o = 636 - a. What are the prime factors of o?
2, 11, 29
Let s be 0/35*(-2)/4. Suppose u = -3*y + 147, -7*u + 10*u + 5*y - 445 = s. What are the prime factors of u?
2, 3, 5
List the prime factors of ((8/(-28))/((-1)/(-33181)))/(50/(-175)).
33181
Suppose -910560 - 501082 = -60*g + 1744058. List the prime factors of g.
5, 67, 157
Suppose -35*a = -26*a - 159220 - 18773. What are the prime factors of a?
19777
Let h = 2 - 19. Let k(n) = n**2 - 12*n - 55. What are the prime factors of k(h)?
2, 3, 73
Let d be (-2)/6 - ((-52576)/12 + -1). Suppose -16*s + d = -2*s. List the prime factors of s.
313
What are the prime factors of (-48)/36*12/16*-9805?
5, 37, 53
Suppose 2*p - 7050 = -5*r + 15827, p + 22889 = 5*r. What are the prime factors of r?
23, 199
Suppose -5*v + 230 = -3*j, 2*v + j = -2*j + 113. Suppose -6*i + v = -89. Let o = 40 - i. List the prime factors of o.
17
Suppose 156*m - 3421072 - 84817 = 347779. List the prime factors of m.
7, 3529
Suppose -3*w - 36 = 9*w. List the prime factors of ((-447)/(-6) - w)/((-5)/(-10)).
5, 31
Let n(s) = -84*s**3 - 18*s**2 - 105*s + 4. What are the prime factors of n(-6)?
2, 5, 7, 37
Let v(d) = -294*d + 3874. List the prime factors of v(0).
2, 13, 149
Suppose -228*x + 8278 = 4*y - 223*x, 8258 = 4*y - 5*x. List the prime factors of y.
3, 13, 53
Suppose -5*h - 5*p + 5 = 0, 3*h + p - 39 = -30. Suppose -i = -4*w + 1896, -h*i - 514 + 2390 = 4*w. List the prime factors of w.
11, 43
Suppose 3*p + 327 = -5*n - 496, 0 = 2*p + 5*n + 547. Let t = p - -360. What are the prime factors of t?
2, 3, 7
Suppose -4*k = -2*j - 72630, 5*j - 52383 + 16026 = -2*k. List the prime factors of k.
11, 13, 127
Let n = 41 - 72. Suppose 7*m - 19*m = 12. List the prime factors of 1/(m*1/n).
31
Let k(t) = -11*t**3 - t**2 + t + 1. Let a(l) = 2*l**2 + l + 133 - 10*l**3 - 3*l**2 - 131. Let y(n) = 2*a(n) - 3*k(n). List the prime factors of y(1).
2, 7
Suppose 0 = -4*t - 2*h + 74494, -t + 5*h + 9177 + 9474 = 0. What are the prime factors of t?
2, 67, 139
Suppose 20 = 4*r, -3*q = 48*r - 50*r + 796. Let i = 5 - q. What are the prime factors of i?
3, 89
Suppose -4*m = 4*u - 8*m - 24784, 0 = -5*u + m + 30980. List the prime factors of u.
2, 1549
Let h(s) be the second derivative of 71*s**4/12 + s**3/3 - s**2/2 - 22*s + 3. Let u = -4 + 5. What are the prime factors of h(u)?
2, 3
Let u(i) = 127*i - 2153. List the prime factors of u(55).
2, 151
Suppose 93 - 81 = 4*j. List the prime factors of (j - 3) + 1 - -230.
3, 7, 11
Suppose 23*t = 308991 + 736727. What are the prime factors of t?
2, 127, 179
Suppose -2*a - f = -6*a + 5824, 3*a = -3*f + 4383. What are the prime factors of a?
31, 47
Let y be ((-66)/6)/(0/(-2) - 1). Suppose 4*s - 1365 = -y*s. What are the prime factors of s?
7, 13
Suppose -50*l - 124*l = -28*l - 7406872. What are the prime factors of l?
2, 11, 1153
Let w = 12265 - 5929. What are the prime factors of w?
2, 3, 11
Let d be 58 + -56 + (-2)/((-2)/(-253)). Let g = d + 299. What are the prime factors of g?
2, 3
Let y = 165 + -165. Suppose 1175 = 3*c - 3*f + 8*f, y = 5*f - 5. What are the prime factors of c?
2, 3, 5, 13
Suppose 20 = -r + 24. Suppose 0 = r*q - 8*q + 16. Suppose -i + q*j = -122, 4*i - 330 = i + 3*j. List the prime factors of i.
2, 53
Let a(s) = s**3 + 16*s**2 - 17*s + 22. Let o be a(-17). Suppose -o*d = -27*d + 510. Let b = 181 - d. What are the prime factors of b?
79
Let a be 9/36 - (-9)/(-4). Let y be ((-9)/(-27))/(a/30*-1). Suppose 0 = -y*o + 10*o - 505. What are the prime factors of o?
101
Suppose 327*m - 8797914 = 189*m. List the prime factors of m.
3, 79, 269
Suppose 0 = 5*r + 5*x - 120, 0 = -2*x + x. List the prime factors of (r/(-30))/((-12)/21690).
2, 3, 241
Let c = 5976 - 2444. What are the prime factors of c?
2, 883
Let p = -23 + 5881. List the prime factors of p.
2, 29, 101
Suppose 38543 = 5*i + 2*l, 724*l - 721*l + 18 = 0. List the prime factors of i.
11, 701
Let u(y) = -1979*y + 277. List the prime factors of u(-5).
2, 2543
Suppose 0 = -6*w + 8*w - 5*q + 1645, 2*q = -2*w - 1638. Let g = 1380 + w. List the prime factors of g.
2, 5, 7
Suppose -328 = 3*p + 413. Let i = p + 367. List the prime factors of i.
2, 3, 5
Let g = 23 - 27. Let h(z) = z**2 + 5*z + 3. Let a be h(g). What are the prime factors of 69 - -3 - (-2 + a)?
3, 5
Let t(a) = 1383*a**3 + 3*a**2 - 16*a + 25. What are the prime factors of t(2)?
11069
Let s = -17914 - -25782. List the prime factors of s.
2, 7, 281
Let y(s) = 5*s**3 - 2*s**2 - 128*s - 19. List the prime factors of y(8).
3, 463
Let z(a) = a**3 - 35*a**2 - 111*a - 10. List the prime factors of z(39).
5, 349
Let y = -156 - -404. Let f = y + -145. Let b = -66 + f. What are the prime factors of b?
37
Let k(g) = g**2 - 6*g + 13. Let w be k(5). Suppose w*u - 13*u = -2885. List the prime factors of u.
577
Suppose 0 = 2*p - 3*s - 18, -3*p = -2*s - 9 - 8. Let l(m) = -44*m**2 - 11*m - p*m - 15 + 45*m**2 + 2*m. List the prime factors of l(17).
2, 5, 7
Suppose -2071 = -3*w - 2050, 5*h + 3*w - 140436 = 0. List the prime factors of h.
3, 11, 23, 37
Let j(g) = -21*g**3 - 7*g**2 + 11*g - 23. Let u(s) = 10*s**3 + 3*s**2 - 6*s + 11. Let l(f) = 6*j(f) + 13*u(f). List the prime factors of l(5).
2, 5, 37
Suppose 0 = g - 7, -55*i + 60*i = -4*g + 107418. List the prime factors of i.
2, 10739
Let a be 14/2 + -4 + 10 + -3. Suppose -o = -a*o + 693. List the prime factors of o.
7, 11
Suppose -4*s - l - 3*l = -5696, -4*l = -2*s + 2830. What are the prime factors of s?
7, 29
Let z = 112148 + -59311. List the prime factors of z.
52837
Suppose 5*d = -4*b + 28, 2*b + 2*b = -2*d + 4. What are the prime factors of (36/d)/(3/226)?
3, 113
Suppose l + 30 = 5*h + 6*l, -3*h + 4*l + 39 = 0. Suppose -11*v + h = -134. What are the prime factors of v?
13
Let m be -8*1*144/(-128). Suppose -m*y = -13*y + d + 816, 2*y - 408 = -3*d. What are the prime factors of y?
2, 3, 17
Let i be (-3 + 8 - 47) + 7. List the prime factors of (i/(-140))/((-1)/(-2636)).
659
Let d be 4/6*3 - 8. Let f(l) be the first derivative of -45*l**2/2 - 82*l + 1830. List the prime factors of f(d).
2, 47
Suppose -3*c - 74 = -755. Suppose 3*f - 4*a = -c, -f + a - 4 = 73. Let l = f + 148. List the prime factors of l.
67
Suppose -37 = l + 4*d, 0*l + 147 = -5*l - d. Let h = 29 + l. Suppose b + h = 50. What are the prime factors of b?
2, 5
Let g(b) = 6*b**2 - 2*b - 13. Let y be g(15). Suppose k - 1980 = -y. List the prime factors of k.
673
Let o be (2 - (-138)/(-24))/((-1)/24). Suppose 4*j - 295 = 5*p, -j - 20*p = -18*p - o. List the prime factors of j.
2, 5
Suppose -27*k + 6*k = -6111. Suppose -2853 = -7*d - k. What are the prime factors of d?
2, 3, 61
Let o(j) = 82*j**2 + 219*j + 1318. What are the prime factors of o(-6)?
2, 739
Suppose 4332*c - 4344*c + 15588 = 0. List the prime factors of c.
3, 433
Suppose -3*w = 70 - 19. Let c(u) be the first derivative of -u**4/4 - 17*u**3/3 + u**2/2 + 22*u - 51. What are the prime factors of c(w)?
5
Suppose 16*q - 586774 = -24246. What are the prime factors of q?
2, 17579
Let q be (11*(-1)/(-11))/((-2)/(-14)). Suppose -q*j = -198 - 124. What are the prime factors of j?
2, 23
Let m(d) = -d**2 + 17*d - 50. Let o be m(13). Suppose 13*z - 11*z - 591 = 3*u, -3*z - o*u + 880 = 0. List the prime factors of z.
2, 3, 7
What are the prime factors of ((-1)/3)/(74/755577)*-6?
3, 2269
Suppose -v + 38491 = 133*g - 128*g, -5*g + 38479 = -v. What are the prime factors of g?
43, 179
Let w be 177 - (-1 + -1) - 2. Let t be (-20 - -21)/((-3)/9) + 6. Suppose 5*b